 base 14
-c7b
What is -2121201 (base 3) in base 11?
-1486
What is 1405 (base 6) in base 16?
16d
What is 7c60 (base 15) in base 5?
1321130
-235d (base 15) to base 4
-1311121
Convert -145 (base 8) to base 15.
-6b
Convert -356 (base 9) to base 12.
-206
Convert 11802 (base 9) to base 6.
100432
Convert 4402 (base 6) to base 2.
1111110010
-201 (base 4) to base 11
-30
What is -46769 (base 10) in base 14?
-13089
25554 (base 6) to base 11
2a13
Convert 575 (base 10) to base 2.
1000111111
Convert 11100001001101 (base 2) to base 14.
5377
What is -101012 (base 4) in base 7?
-3122
What is d9 (base 16) in base 4?
3121
What is -1222 (base 15) in base 11?
-2997
What is 111111001 (base 2) in base 5?
4010
Convert -21213 (base 5) to base 14.
-745
Convert -2330 (base 15) to base 14.
-2a18
What is 144a (base 11) in base 2?
11101001101
What is 431414 (base 5) in base 16?
3911
What is 54b1 (base 12) in base 7?
36154
Convert 7c (base 16) to base 9.
147
Convert 4336 (base 14) to base 5.
332422
What is 1425 (base 11) in base 2?
11100110010
What is -7 (base 9) in base 2?
-111
1a36 (base 15) to base 11
42a0
Convert 21611 (base 10) to base 2.
101010001101011
-20012221 (base 3) to base 8
-10666
Convert 2133313 (base 4) to base 10.
10231
What is 11201101 (base 4) in base 14?
834d
Convert -1213 (base 11) to base 16.
-633
6ba (base 15) to base 11
1167
-a87 (base 11) to base 5
-20210
3403 (base 5) to base 16
1de
Convert -7808 (base 9) to base 13.
-2810
1110001111 (base 2) to base 16
38f
What is 120030 (base 4) in base 7?
4341
Convert 1154 (base 14) to base 15.
d5e
-2795a (base 13) to base 8
-220561
Convert -33666 (base 8) to base 6.
-150010
Convert 2143 (base 5) to base 12.
20a
Convert 11011012 (base 4) to base 9.
31477
Convert 27610 (base 10) to base 9.
41777
Convert -31022313 (base 4) to base 15.
-10eb3
Convert -1111001101 (base 2) to base 15.
-44d
Convert -24125 (base 9) to base 5.
-1004032
Convert 33633 (base 7) to base 8.
20546
Convert -6007 (base 11) to base 7.
-32206
What is 1201212220 (base 3) in base 12?
17943
Convert -110100010 (base 2) to base 15.
-1cd
What is -24542 (base 11) in base 4?
-20212321
Convert -13210333 (base 4) to base 9.
-46517
What is -9173 (base 11) in base 8?
-27624
ae0e (base 16) to base 4
22320032
Convert 1011001100100 (base 2) to base 15.
1a72
-2083 (base 11) to base 6
-20425
ad1 (base 14) to base 13
c8b
What is 120120 (base 4) in base 5?
22220
What is -352 (base 7) in base 2?
-10111000
-20628 (base 9) to base 12
-7a82
What is 132000 (base 8) in base 3?
2100012200
What is -4b4 (base 13) in base 2?
-1100110111
10110100101100 (base 2) to base 7
45500
What is 4065 (base 13) in base 15?
2966
Convert 18070 (base 9) to base 6.
133400
What is 391 (base 12) in base 13?
328
1002101 (base 3) to base 6
3401
Convert -23142 (base 5) to base 15.
-767
-1069a (base 11) to base 5
-443401
What is -1520 (base 12) in base 6?
-15240
1b0 (base 13) to base 4
10320
-1102441 (base 5) to base 16
-4ab1
What is 124321 (base 5) in base 10?
4961
What is 70225 (base 9) in base 10?
46112
Convert 15006 (base 7) to base 13.
1b51
Convert 4c (base 14) to base 15.
48
454 (base 6) to base 11
152
-1001001 (base 3) to base 9
-1031
-55410 (base 6) to base 15
-2440
-441 (base 5) to base 16
-79
Convert 1229 (base 12) to base 10.
2049
Convert -3124212 (base 5) to base 12.
-25b93
1861 (base 9) to base 2
10110011000
12252 (base 12) to base 10
24542
Convert 342334 (base 5) to base 16.
2fbb
Convert -262 (base 11) to base 7.
-622
What is -4341 (base 5) in base 9?
-732
Convert -10e1 (base 15) to base 5.
-103321
Convert 143c3 (base 13) to base 10.
38015
Convert -540254 (base 6) to base 9.
-66527
Convert 1822 (base 10) to base 11.
1407
1167 (base 9) to base 4
31213
Convert 1ad (base 15) to base 11.
323
3014024 (base 5) to base 4
23232032
Convert -351 (base 11) to base 2.
-110100011
What is 25430 (base 6) in base 8?
7372
What is -1466 (base 9) in base 14?
-597
Convert -db (base 16) to base 6.
-1003
1112 (base 6) to base 14
148
-1503 (base 10) to base 13
-8b8
What is 330 (base 12) in base 6?
2100
Convert 2188 (base 10) to base 2.
100010001100
11000110100 (base 2) to base 4
120310
What is -185 (base 14) in base 3?
-102121
Convert 23114 (base 5) to base 7.
4560
Convert -17 (base 9) to base 4.
-100
What is af7 (base 16) in base 12?
175b
What is -da8 (base 14) in base 12?
-1688
5363 (base 9) to base 4
331221
Convert 16433 (base 9) to base 2.
10110000011001
What is -110023 (base 4) in base 11?
-a74
-100001110010111 (base 2) to base 7
-101306
44420 (base 5) to base 11
2378
What is 2125 (base 9) in base 2?
11000011010
What is -30707 (base 9) in base 7?
-113026
What is -860 (base 13) in base 3?
-1221222
Convert 75cb (base 16) to base 6.
351335
Convert -23515 (base 8) to base 16.
-274d
What is 4488 (base 11) in base 13?
28c2
Convert 68 (base 12) to base 7.
143
What is 25404 (base 7) in base 14?
263b
Convert -4333433 (base 5) to base 9.
-122752
-2230032 (base 4) to base 15
-33ec
Convert 3023 (base 6) to base 13.
3c0
31114 (base 7) to base 5
220411
Convert 40001 (base 8) to base 15.
4cc5
Convert 14d (base 15) to base 2.
100101010
What is 6522 (base 7) in base 8?
4417
Convert 4105 (base 8) to base 2.
100001000101
Convert 67b (base 14) to base 3.
1202121
Convert 1689 (base 11) to base 7.
6165
4402440 (base 5) to base 3
10211101111
Convert -1101000101010111 (base 2) to base 6.
-1052035
-11a0 (base 11) to base 2
-11000011010
8d29 (base 14) to base 7
131352
What is 12838 (base 9) in base 5?
234302
Convert 19c (base 14) to base 7.
655
Convert 154b (base 15) to base 16.
11db
What is -32908 (base 11) in base 9?
-72360
Convert b6d (base 14) to base 5.
33003
511 (base 6) to base 9
227
What is 21312 (base 5) in base 14?
761
1a6 (base 14) to base 12
246
What is -84d (base 14) in base 5?
-23022
Convert 120033 (base 5) to base 4.
1010221
Convert -10301033 (base 4) to base 10.
-19535
110100010 (base 2) to base 6
1534
Convert -52004 (base 6) to base 13.
-31c0
Convert -110111010111 (base 2) to base 9.
-4766
-466 (base 14) to base 3
-1012101
Convert -16c (base 13) to base 4.
-10003
What is 226 (base 9) in base 10?
186
25923 (base 10) to base 2
110010101000011
What is 5313 (base 6) in base 8?
2255
1272 (base 9) to base 10
956
24b7 (base 13) to base 16
1464
What is -15833 (base 10) in base 3?
-210201102
-115c9 (base 13) to base 12
-16474
What is -50a (base 13) in base 14?
-451
Convert 204151 (base 6) to base 15.
4d3d
-5b23 (base 13) to base 9
-18583
-21013 (base 12) to base 4
-22203033
54 (base 9) to base 11
45
What is -17 (base 15) in base 5?
-42
Convert 3034 (base 14) to base 5.
231103
5563 (base 12) to base 4
2103123
-24041 (base 6) to base 3
-11202221
413202 (base 5) to base 6
142424
Convert -359 (base 15) to base 13.
-465
Convert -623 (base 13) to base 15.
-498
Convert 101101010100101 (base 2) to base 16.
5aa5
21782 (base 9) to base 11
a985
What is 101010001111 (base 2) in base 11?
2038
Convert 120021 (base 3) to base 4.
12130
Convert 5773 (base 14) to base 8.
35531
What is 2221 (base 5) in base 13?
1ac
425 (base 6) to base 10
161
What is 165 (base 14) in base 5?
2120
3301321 (base 5) to base 7
323416
222211002 (base 3) to base 12
b392
Convert 2690 (base 15) to base 14.
3003
beb (base 16) to base 5
44201
What is -2933 (base 11) in base 10?
-3787
What is 13074 (base 8) in base 4?
1120330
What is -20055 (base 7) in base 13?
-2286
Convert -10506 (base 8) to base 5.
-120142
Convert 3503 (base 8) to base 12.
10ab
What is -57025 (base 9) in base 6?
-451335
What is 10574 (base 8) in base 11?
33aa
-2522 (base 6) to base 5
-10001
What is -345 (base 11) in base 7?
-1126
5551 (base 10) to base 2
1010110101111
10105 (base 8) to base 3
12201021
What is -554 (base 10) in base 4?
-20222
What is 158 (base 14) in base 3?
101011
What is -220515 (base 6) in base 10?
-18335
What is 4 (base 11) in base 3?
11
Convert 1284 (base 10) to base 3.
1202120
What is -273 (base 15) in base 16?
-22e
What is -1527 (base 8) in base 6?
-3543
What is -5b68 (base 13) in base 9?
-18656
Convert 4116 (base 8) to base 6.
13502
Convert -544045 (base 6) to base 3.
-2021200002
7a0 (base 13) to base 8
2441
-102a (base 11) to base 5
-20423
13726 (base 9) to base 6
111123
Convert -677 (base 13) to base 5.
-13422
What is 4035 (base 6) in base 7?
2405
Convert -27336 (b